b - 1. Let a(f) = -4*m(f) - p(f). What is a(6)?
17
Suppose -217 = -13*w + 108. Let i(j) = 0*j + w - 11*j + 8*j - 7 + j. Give i(8).
2
Let v(f) be the second derivative of -3*f**2 - 1/3*f**3 - 1/20*f**5 - 2/3*f**4 - 121*f + 0. What is v(-8)?
10
Let h(o) be the second derivative of o**7/84 - o**5/120 + o**4/12 - 2*o**2 - 14*o - 4. Let v(t) be the third derivative of h(t). Determine v(1).
29
Let v = -2292 + 2306. Let p(m) = -5*m + 42. Give p(v).
-28
Let v(z) = -2*z**3 + 11*z**2 + 5*z - 5. Suppose -10*m = -2880 + 2820. What is v(m)?
-11
Let r(n) be the third derivative of n**5/30 - 7*n**4/12 + 7*n**3/6 + 801*n**2 - 2*n. Calculate r(9).
43
Let s be 3 + (0 - 0) + -3. Let y(u) = -u**3 - 2*u**2 - 2*u - 22. Let h be y(s). Let g be h/8 + -2 - 3/(-4). Let q(z) = 2*z + 3. Calculate q(g).
-5
Let r(a) be the third derivative of -a**6/60 + a**5/20 - a**4/12 + 2*a**3/3 + a**2 + 2*a + 30. Let y be (-3 + 0/(-2))/(-1). What is r(y)?
-29
Let s(u) = 22*u**3 - 7*u**3 - 35 + 39*u**2 - 7*u**3 - 37*u - 2*u**3 - 7*u**3. Calculate s(38).
3
Let w(a) be the first derivative of -a**4/12 - 2*a**3 - 3*a**2 + 647*a - 157. Let o(d) be the first derivative of w(d). Let g be (11/2)/(2/(-4)). What is o(g)?
5
Let h(x) = x**2 - 17*x - 24. Suppose -185 + 798 = 99*p - 1169. Determine h(p).
-6
Let g be (-2574)/(-126) + -6*7/98. Let b(z) = 9*z - 171. Give b(g).
9
Let z be 10074/(-2409) - (-2)/11. Let d(i) = 19*i + 9. What is d(z)?
-67
Let u(a) = -22*a + 10. Let n(v) = -27*v + 12. Let b(x) = -5*n(x) + 6*u(x). Calculate b(1).
3
Let i(b) be the second derivative of 0 + 1/12*b**4 + 1/2*b**3 - 97*b - b**2. Determine i(-3).
-2
Let t(k) = -2*k**3 + k - 6. Let c(i) = 2*i**3 - 32*i**2 - 6*i - 47. Let j(l) = c(l) + 2*t(l). Give j(-16).
5
Let d(k) = k**2 + 6*k - 2. Suppose 12*y - 638 = -674. Calculate d(y).
-11
Let d(j) = 11*j + 10. Let m(f) = -31*f - 27. Let x(n) = 14*d(n) + 5*m(n). What is x(15)?
-10
Let j(o) = 10*o - 26. Let p be j(2). Let q be (7/3)/(-3 - 16/p). Let k(a) = -3*a - 10. Determine k(q).
11
Let u be 5 + 63/49 + (-2)/7. Let q(h) = -3*h + 15. Give q(u).
-3
Let v(z) = -z**3 - 2*z**2. Let m be v(-2). Let a be m*(-1)/(-2) - -4. Let k(q) be the second derivative of q**5/20 - q**4/4 - q**3 + 5*q**2/2 - 39*q. Give k(a).
-3
Let d(j) = -3*j**2 + 30 + 3*j - 45 + 19. Suppose 0 = -19991*c + 19934*c + 228. Determine d(c).
-32
Let c(f) = 3*f**2 + 84*f + 25. Let q be c(-28). Let r(j) = q*j**2 + 27*j**2 - 54*j**2 - 2 - 4*j. Let y(o) = o**3 - 3*o**2 - o. Let i be y(3). Determine r(i).
-8
Suppose 208*o - 210*o - 10 = 0. Let w be (o - 1 - -1) + 1. Let z(h) = -h + 3. What is z(w)?
7
Let s be (-6 - 0) + -3*((-400)/(-30))/(-5). Let g(u) be the first derivative of -5/2*u**s - 13 - 3*u + 1/3*u**3. Give g(6).
3
Let i(a) = -7*a + 22. Let b(h) = 8*h - 23. Let w(p) = -6*b(p) - 7*i(p). Let f = 267 + -267. Calculate w(f).
-16
Let g(m) = -33*m - 44. Let k(r) = -76*r - 87. Let y(h) = 14*g(h) - 6*k(h). Give y(-18).
14
Let u(h) = h**2 - 4*h + 2. Let z be u(4). Let s(j) = 2 - j**3 + 4*j**2 + z*j**3 - 4*j - 6. Suppose -3*w + 12 = -4*i + 4, 2*w + 4*i + 28 = 0. Determine s(w).
12
Let d = 100495 - 100486. Let r(g) be the second derivative of g**3/6 - 21*g**2/2 - g. What is r(d)?
-12
Let u(k) = k**3 - 3*k**2 + 8*k - 8. Let x be u(4). Suppose -2*r = 3*r + x. Let l be 69/(-12) + 2/r - 2. Let p(q) = q**3 + 7*q**2 - 9*q - 7. What is p(l)?
1
Suppose k - 4*n + 119 - 146 = 0, k + 3*n = -22. Let j(p) = 69*p - 2. Determine j(k).
-71
Suppose -10*p - 12*p + 88 = 0. Let a(f) = -5*f**2 + f - 13. Let l be (-6)/(-14) - 396/42. Let o(c) = -c**2 - 3. Let g(y) = l*o(y) + 2*a(y). Give g(p).
-7
Let v(p) = 9*p - 8. Let r(j) be the second derivative of 4*j**3/3 - 7*j**2/2 + 3*j. Let n(a) = 7*r(a) - 6*v(a). Let b be -3 + ((-5)/(-3) - 1)/(6/9). Give n(b).
-5
Let a(h) = 6*h - 20. Let q(n) = 18*n - 50. Let y(t) = -17*a(t) + 6*q(t). Give y(-7).
-2
Let i(p) = -p**2 - 19*p + 124. Let n(k) = -7*k**2 - 115*k + 762. Let w(l) = -37*i(l) + 6*n(l). Determine w(5).
-76
Let d(v) = 3*v**3 + 8*v**2 - 6*v + 6. Let j be (-4)/9*18*7/(-28). Let t(q) = -2*q**3 - q**2 + q - 1. Let l(g) = j*t(g) + d(g). What is l(3)?
19
Let t = 7 - 12. Let i(n) be the third derivative of n**6/120 + n**5/12 - n**4/24 - 5*n**3/3 - 17*n**2 - 16*n. What is i(t)?
-5
Let g(w) = -w**2 + 23*w + 70. Let s = 3784 + -3758. Determine g(s).
-8
Let f(m) = 7*m + 1. Let h = -209 - -103. Let o = h - -105. What is f(o)?
-6
Let h(z) = 2*z**2 + 1185*z + 1188*z + 0 - 10 - z**2 - 2374*z. Give h(4).
2
Let f(b) be the second derivative of 3/20*b**5 - 1/6*b**4 + 6*b - 1/3*b**3 - 1/2*b**2 + 1. Determine f(-1).
-4
Let s(b) be the second derivative of -b**5/20 - b**4/6 + b**3/2 - b**2/2 - 61*b. Let d be (1/(-2))/(6/(-48)*2). What is s(d)?
-11
Suppose 8*h = 16*h - 496. Suppose 0 = -12*w - h + 14. Let v(u) = u. Let y(x) = 12*x - 1. Let j(c) = -22*v(c) + 2*y(c). Determine j(w).
-10
Let m(q) be the first derivative of q**4/4 + 4*q**3 + 21*q**2/2 + 13*q + 1072. Give m(-10).
3
Let u(t) = 498 + 4*t - 234 - 2*t - 231 + 0*t. Give u(-12).
9
Let a(y) = -y**2 - 9*y. Suppose 7*o - 1479 - 474 = 0. Let h = o + -288. Give a(h).
0
Let j be (-1 - -13)*(-7)/4. Let q be (-2)/(0 - 2) - j/7. Suppose -2*w = q*w - 6. Let v(r) = -9*r. Determine v(w).
-9
Let g(u) = 30 - 2*u - 10*u**3 - 27 + 19*u**3 + 16*u**3 - 2*u**2. Give g(1).
24
Suppose 103*f - 167 + 682 = 0. Let l(z) = -4 - 2 - 5*z + 3. Give l(f).
22
Let u = 8 - 67. Let o = u - -68. Let m(s) = -4*s**2 - 3*s - s**3 + o*s**2 + 4*s + 1. Calculate m(5).
6
Suppose -2*a = -a - 1, -c - 3*a = -20. Suppose c*s - 18*s + 35 = 0. Suppose h - s = 8*h. Let i(d) = -d**3 - 4*d**2 + 2*d + 1. What is i(h)?
16
Let v(f) = f**3 - 21*f**2 + 20*f + 4. Let p be v(20). Let s(k) = 1 - 4*k**3 + k**3 - 4*k**2 + p*k**3 + k. Calculate s(3).
-5
Let m(o) = -2*o**3 + 33*o**2 + 20*o - 21. Suppose -34*g + 39*g = -22*g + 459. What is m(g)?
30
Let c(d) = -d**3 + 6*d**2 - 4*d - 4. Suppose 13 + 42 = 5*b. Let f be 0 + ((-12)/(-5))/((-10)/25). Let x = b + f. Determine c(x).
1
Let m(p) = -p**2 + 438*p + 877. Let f be m(-2). Let t(r) = -4*r**2 + 9*r - 2. Give t(f).
-65
Let h(r) = 4*r + 8*r - 8*r + 5 - 3*r**2. Let i(g) = g**2 - 1. Let s(j) = -h(j) - 5*i(j). Let q be -12*(119/28 - 4). What is s(q)?
-6
Let b(x) = -5197 + 4*x + 5195 + x**2 + x. What is b(-3)?
-8
Let d(w) = -584*w + 264*w - w**2 + 3*w**2 + 33 + 290*w. What is d(14)?
5
Suppose 20*w - 18*w = 12. Let q(a) be the third derivative of 0*a + 1/12*a**5 + 4*a**2 - 4/3*a**3 + 3/8*a**4 + 13 - 1/120*a**6. Give q(w).
10
Let b(t) = -4*t**2 - 4*t - 19. Let n(h) = -3*h**2 - 3*h - 12. Suppose 252 - 7 = 35*w. Let j(g) = w*n(g) - 5*b(g). Calculate j(-5).
-9
Let z = -29681 + 29672. Let o(t) = -t**2 + 3*t + 35. Give o(z).
-73
Let h be 32/10*(98/(-36) - (-154)/693). Let d(y) = -4*y**2 + 18*y - 61. Let j(v) = v**2 - 6*v + 20. Let f(t) = 2*d(t) + 7*j(t). Give f(h).
2
Let c(h) be the third derivative of -h**4/12 + 5*h**3/3 - h**2. Let o(t) = -t**3 + 16*t**2 + 422*t - 6926. Let y be o(19). What is c(y)?
-8
Let n(r) = r**3 + 11*r**2 + 3*r + 37. Let w be n(-11). Suppose w*m - 9 = -s, -12*s + 7*s = 2*m - 27. Let b(y) = 5*y**3 - y**2 + 3*y - 2. Determine b(m).
5
Let f(l) be the third derivative of l**6/360 + l**5/20 - 5*l**4/24 - 79*l**3/6 + 29*l**2. Let t(b) be the first derivative of f(b). Give t(-6).
-5
Let g(i) be the first derivative of -10*i**2 + 117*i - 2693. Give g(6).
-3
Suppose -10 = -3*p - 0*u - 2*u, 0 = 2*p + 5*u - 14. Let h be p + -19 - 18/(-3). Let x(l) = -l**2 - 11*l + 2. Determine x(h).
2
Let v(i) = -i**3 + 18*i**2 - 17*i - 2. Suppose -137*s - 42 = -2*y - 139*s, -5*y = 2*s - 93. Give v(y).
-2
Let k(m) = -m**2 - 12*m + 75. Let i(q) = -2*q + 11. Let j(w) = -6*i(w) + k(w). Give j(0).
9
Let z(m) = 3*m**3 - 50*m**2 + 12*m + 38. Let q(b) = -b**3 + 16*b**2 - 3*b - 12. Let i(f) = 13*q(f) + 4*z(f). Calculate i(9).
-4
Let t(m) be the first derivative of 2*m**3/3 + 3*m**2 - 18*m - 900. What is t(-6)?
18
Let d(k) = 25*k**3 - 35*k**2 + 75*k + 108. Let u(n) = 33*n**3 - 34*n**2 + 77*n + 108. Let b(m) = -4*d(m) + 3*u(m). Give b(36).
0
Let s(v) be the second derivative of v**5/20 + 3*v**4 + 37*v**3/6 + 34*v**2 + 2208*v. What is s(-35)?
-2
Let r(d) be the first derivative of -2*d**3 + 3*d**2/2 - 2*d + 1. Suppose 4230*f - 4225*f = 2*b - 7, 3*f - 3*b = -15. Determine r(f).
-5
Let g = 175 - 1